[INFO] fetching crate rust-graph 0.0.3...
[INFO] checking rust-graph-0.0.3 against master#e6e4f7ed1589e03bc2f6c5931c1a72e7947e8682 for beta-170-4
[INFO] extracting crate rust-graph 0.0.3 into /workspace/builds/worker-7-tc2/source
[INFO] validating manifest of crates.io crate rust-graph 0.0.3 on toolchain e6e4f7ed1589e03bc2f6c5931c1a72e7947e8682
[INFO] running `Command { std: CARGO_HOME="/workspace/cargo-home" RUSTUP_HOME="/workspace/rustup-home" "/workspace/cargo-home/bin/cargo" "+e6e4f7ed1589e03bc2f6c5931c1a72e7947e8682" "metadata" "--manifest-path" "Cargo.toml" "--no-deps", kill_on_drop: false }`
[INFO] started tweaking crates.io crate rust-graph 0.0.3
[INFO] finished tweaking crates.io crate rust-graph 0.0.3
[INFO] tweaked toml for crates.io crate rust-graph 0.0.3 written to /workspace/builds/worker-7-tc2/source/Cargo.toml
[INFO] running `Command { std: CARGO_HOME="/workspace/cargo-home" RUSTUP_HOME="/workspace/rustup-home" __CARGO_TEST_CHANNEL_OVERRIDE_DO_NOT_USE_THIS="nightly" "/workspace/cargo-home/bin/cargo" "+e6e4f7ed1589e03bc2f6c5931c1a72e7947e8682" "generate-lockfile" "--manifest-path" "Cargo.toml" "-Zno-index-update", kill_on_drop: false }`
[INFO] running `Command { std: CARGO_HOME="/workspace/cargo-home" RUSTUP_HOME="/workspace/rustup-home" "/workspace/cargo-home/bin/cargo" "+e6e4f7ed1589e03bc2f6c5931c1a72e7947e8682" "fetch" "--manifest-path" "Cargo.toml", kill_on_drop: false }`
[INFO] running `Command { std: "docker" "create" "-v" "/var/lib/crater-agent-workspace/builds/worker-7-tc2/target:/opt/rustwide/target:rw,Z" "-v" "/var/lib/crater-agent-workspace/builds/worker-7-tc2/source:/opt/rustwide/workdir:ro,Z" "-v" "/var/lib/crater-agent-workspace/cargo-home:/opt/rustwide/cargo-home:ro,Z" "-v" "/var/lib/crater-agent-workspace/rustup-home:/opt/rustwide/rustup-home:ro,Z" "-e" "SOURCE_DIR=/opt/rustwide/workdir" "-e" "CARGO_TARGET_DIR=/opt/rustwide/target" "-e" "CARGO_HOME=/opt/rustwide/cargo-home" "-e" "RUSTUP_HOME=/opt/rustwide/rustup-home" "-w" "/opt/rustwide/workdir" "-m" "1610612736" "--user" "0:0" "--network" "none" "ghcr.io/rust-lang/crates-build-env/linux@sha256:19e73879b68f455e41552ea35293514db52ea292d993f571636dbffedb77a1ee" "/opt/rustwide/cargo-home/bin/cargo" "+e6e4f7ed1589e03bc2f6c5931c1a72e7947e8682" "metadata" "--no-deps" "--format-version=1", kill_on_drop: false }`
[INFO] [stdout] d18afe0dffdf96658653e0de563179e6f06557df2385ccfbb4386da1f95fe8b9
[INFO] running `Command { std: "docker" "start" "-a" "d18afe0dffdf96658653e0de563179e6f06557df2385ccfbb4386da1f95fe8b9", kill_on_drop: false }`
[INFO] running `Command { std: "docker" "inspect" "d18afe0dffdf96658653e0de563179e6f06557df2385ccfbb4386da1f95fe8b9", kill_on_drop: false }`
[INFO] running `Command { std: "docker" "rm" "-f" "d18afe0dffdf96658653e0de563179e6f06557df2385ccfbb4386da1f95fe8b9", kill_on_drop: false }`
[INFO] [stdout] d18afe0dffdf96658653e0de563179e6f06557df2385ccfbb4386da1f95fe8b9
[INFO] running `Command { std: "docker" "create" "-v" "/var/lib/crater-agent-workspace/builds/worker-7-tc2/target:/opt/rustwide/target:rw,Z" "-v" "/var/lib/crater-agent-workspace/builds/worker-7-tc2/source:/opt/rustwide/workdir:ro,Z" "-v" "/var/lib/crater-agent-workspace/cargo-home:/opt/rustwide/cargo-home:ro,Z" "-v" "/var/lib/crater-agent-workspace/rustup-home:/opt/rustwide/rustup-home:ro,Z" "-e" "SOURCE_DIR=/opt/rustwide/workdir" "-e" "CARGO_TARGET_DIR=/opt/rustwide/target" "-e" "CARGO_INCREMENTAL=0" "-e" "RUST_BACKTRACE=full" "-e" "RUSTFLAGS=--cap-lints=forbid" "-e" "RUSTDOCFLAGS=--cap-lints=forbid" "-e" "CARGO_HOME=/opt/rustwide/cargo-home" "-e" "RUSTUP_HOME=/opt/rustwide/rustup-home" "-w" "/opt/rustwide/workdir" "-m" "1610612736" "--user" "0:0" "--network" "none" "ghcr.io/rust-lang/crates-build-env/linux@sha256:19e73879b68f455e41552ea35293514db52ea292d993f571636dbffedb77a1ee" "/opt/rustwide/cargo-home/bin/cargo" "+e6e4f7ed1589e03bc2f6c5931c1a72e7947e8682" "check" "--frozen" "--all" "--all-targets" "--message-format=json", kill_on_drop: false }`
[INFO] [stdout] 80f37218978530b6c999cd24b5d6cf26eee93a0d47ac635552ed7087bcf05fe3
[INFO] running `Command { std: "docker" "start" "-a" "80f37218978530b6c999cd24b5d6cf26eee93a0d47ac635552ed7087bcf05fe3", kill_on_drop: false }`
[INFO] [stderr]     Checking rust-graph v0.0.3 (/opt/rustwide/workdir)
[INFO] [stdout] warning: use of deprecated macro `try`: use the `?` operator instead
[INFO] [stdout]   --> src/disjoint_set.rs:41:13
[INFO] [stdout]    |
[INFO] [stdout] 41 |             try!(write!(f, "{:?}: ", k));
[INFO] [stdout]    |             ^^^
[INFO] [stdout]    |
[INFO] [stdout]    = note: `#[warn(deprecated)]` on by default
[INFO] [stdout] 
[INFO] [stdout] 
[INFO] [stdout] warning: use of deprecated macro `try`: use the `?` operator instead
[INFO] [stdout]   --> src/disjoint_set.rs:45:13
[INFO] [stdout]    |
[INFO] [stdout] 45 |             try!(write!(f, "\n"))
[INFO] [stdout]    |             ^^^
[INFO] [stdout] 
[INFO] [stdout] 
[INFO] [stdout] warning: use of deprecated macro `try`: use the `?` operator instead
[INFO] [stdout]   --> src/disjoint_set.rs:43:17
[INFO] [stdout]    |
[INFO] [stdout] 43 |                 try!(write!(f, "{:?}", i));
[INFO] [stdout]    |                 ^^^
[INFO] [stdout] 
[INFO] [stdout] 
[INFO] [stdout] warning: anonymous parameters are deprecated and will be removed in the next edition
[INFO] [stdout]   --> src/algorithms.rs:37:30
[INFO] [stdout]    |
[INFO] [stdout] 37 |     fn set_weight(&mut self, isize);
[INFO] [stdout]    |                              ^^^^^ help: try naming the parameter or explicitly ignoring it: `_: isize`
[INFO] [stdout]    |
[INFO] [stdout]    = warning: this is accepted in the current edition (Rust 2015) but is a hard error in Rust 2018!
[INFO] [stdout]    = note: for more information, see issue #41686 <https://github.com/rust-lang/rust/issues/41686>
[INFO] [stdout]    = note: `#[warn(anonymous_parameters)]` on by default
[INFO] [stdout] 
[INFO] [stdout] 
[INFO] [stdout] warning: unused macro definition: `add_node`
[INFO] [stdout]    --> src/graph.rs:272:14
[INFO] [stdout]     |
[INFO] [stdout] 272 | macro_rules! add_node (
[INFO] [stdout]     |              ^^^^^^^^
[INFO] [stdout]     |
[INFO] [stdout]     = note: `#[warn(unused_macros)]` on by default
[INFO] [stdout] 
[INFO] [stdout] 
[INFO] [stdout] warning: unused macro definition: `add_edge`
[INFO] [stdout]    --> src/graph.rs:289:14
[INFO] [stdout]     |
[INFO] [stdout] 289 | macro_rules! add_edge (
[INFO] [stdout]     |              ^^^^^^^^
[INFO] [stdout] 
[INFO] [stdout] 
[INFO] [stdout] warning: use of deprecated macro `try`: use the `?` operator instead
[INFO] [stdout]   --> src/disjoint_set.rs:41:13
[INFO] [stdout]    |
[INFO] [stdout] 41 |             try!(write!(f, "{:?}: ", k));
[INFO] [stdout]    |             ^^^
[INFO] [stdout]    |
[INFO] [stdout]    = note: `#[warn(deprecated)]` on by default
[INFO] [stdout] 
[INFO] [stdout] 
[INFO] [stdout] warning: use of deprecated macro `try`: use the `?` operator instead
[INFO] [stdout]   --> src/disjoint_set.rs:45:13
[INFO] [stdout]    |
[INFO] [stdout] 45 |             try!(write!(f, "\n"))
[INFO] [stdout]    |             ^^^
[INFO] [stdout] 
[INFO] [stdout] 
[INFO] [stdout] warning: use of deprecated macro `try`: use the `?` operator instead
[INFO] [stdout]   --> src/disjoint_set.rs:43:17
[INFO] [stdout]    |
[INFO] [stdout] 43 |                 try!(write!(f, "{:?}", i));
[INFO] [stdout]    |                 ^^^
[INFO] [stdout] 
[INFO] [stdout] 
[INFO] [stdout] error[E0635]: unknown feature `collections`
[INFO] [stdout]  --> src/lib.rs:1:12
[INFO] [stdout]   |
[INFO] [stdout] 1 | #![feature(collections)]
[INFO] [stdout]   |            ^^^^^^^^^^^
[INFO] [stdout] 
[INFO] [stdout] 
[INFO] [stdout] warning: anonymous parameters are deprecated and will be removed in the next edition
[INFO] [stdout]   --> src/algorithms.rs:37:30
[INFO] [stdout]    |
[INFO] [stdout] 37 |     fn set_weight(&mut self, isize);
[INFO] [stdout]    |                              ^^^^^ help: try naming the parameter or explicitly ignoring it: `_: isize`
[INFO] [stdout]    |
[INFO] [stdout]    = warning: this is accepted in the current edition (Rust 2015) but is a hard error in Rust 2018!
[INFO] [stdout]    = note: for more information, see issue #41686 <https://github.com/rust-lang/rust/issues/41686>
[INFO] [stdout]    = note: `#[warn(anonymous_parameters)]` on by default
[INFO] [stdout] 
[INFO] [stdout] 
[INFO] [stdout] error[E0635]: unknown feature `collections`
[INFO] [stdout]  --> src/lib.rs:1:12
[INFO] [stdout]   |
[INFO] [stdout] 1 | #![feature(collections)]
[INFO] [stdout]   |            ^^^^^^^^^^^
[INFO] [stdout] 
[INFO] [stdout] 
[INFO] [stdout] error[E0599]: no method named `push_all` found for mutable reference `&mut Vec<T>` in the current scope
[INFO] [stdout]   --> src/disjoint_set.rs:34:15
[INFO] [stdout]    |
[INFO] [stdout] 34 |         x_set.push_all(&*y_set);
[INFO] [stdout]    |               ^^^^^^^^ help: there is a method with a similar name: `push`
[INFO] [stdout] 
[INFO] [stdout] 
[INFO] [stdout] error[E0599]: no method named `push_all` found for mutable reference `&mut Vec<T>` in the current scope
[INFO] [stdout]   --> src/disjoint_set.rs:34:15
[INFO] [stdout]    |
[INFO] [stdout] 34 |         x_set.push_all(&*y_set);
[INFO] [stdout]    |               ^^^^^^^^ help: there is a method with a similar name: `push`
[INFO] [stdout] 
[INFO] [stdout] 
[INFO] [stdout] error: aborting due to 2 previous errors; 6 warnings emitted
[INFO] [stdout] 
[INFO] [stdout] 
[INFO] [stdout] Some errors have detailed explanations: E0599, E0635.
[INFO] [stdout] 
[INFO] [stdout] For more information about an error, try `rustc --explain E0599`.
[INFO] [stdout] 
[INFO] [stderr] error: could not compile `rust-graph` (lib) due to 3 previous errors; 6 warnings emitted
[INFO] [stderr] warning: build failed, waiting for other jobs to finish...
[INFO] [stdout] error: aborting due to 2 previous errors; 4 warnings emitted
[INFO] [stdout] 
[INFO] [stdout] 
[INFO] [stdout] Some errors have detailed explanations: E0599, E0635.
[INFO] [stdout] 
[INFO] [stdout] For more information about an error, try `rustc --explain E0599`.
[INFO] [stdout] 
[INFO] [stderr] error: could not compile `rust-graph` (lib test) due to 3 previous errors; 4 warnings emitted
[INFO] running `Command { std: "docker" "inspect" "80f37218978530b6c999cd24b5d6cf26eee93a0d47ac635552ed7087bcf05fe3", kill_on_drop: false }`
[INFO] running `Command { std: "docker" "rm" "-f" "80f37218978530b6c999cd24b5d6cf26eee93a0d47ac635552ed7087bcf05fe3", kill_on_drop: false }`
[INFO] [stdout] 80f37218978530b6c999cd24b5d6cf26eee93a0d47ac635552ed7087bcf05fe3
